{"id":91,"date":"2024-05-24T14:35:29","date_gmt":"2024-05-24T14:35:29","guid":{"rendered":"https:\/\/www.hercurion.de\/?page_id=91"},"modified":"2025-04-02T11:54:00","modified_gmt":"2025-04-02T10:54:00","slug":"bgm-betriebliches-gesundheitsmanagement","status":"publish","type":"page","link":"https:\/\/www.hercurion.de\/?page_id=91","title":{"rendered":"Betriebliches Gesundheitsmanagement"},"content":{"rendered":"\n<p style=\"font-size:22px\"><strong>Gesundheitsmanagement ist mehr als Fehlzeitenmanagement oder R\u00fcckenschule &#8211; BGM als Komponente der Unternehmensstrategie sichert Fachkr\u00e4fte und Wettbewerbsvorteile. Ich unterst\u00fctze Sie bei der Umsetzung!<\/strong><\/p>\n\n\n\n<p>Betriebliches Gesundheitsmanagement (BGM) als Kernaufgabe der Unternehmensf\u00fchrung verstehen. Mitarbeitende sind die wertvollste Ressource des Unternehmens. Gesunde, motivierte und zufriedene Mitarbeitende sind der wichtigste Erfolgsfaktor im (internationalen) Wettbewerb. <\/p>\n\n\n\n<p><\/p>\n\n\n\n<blockquote class=\"wp-block-quote is-layout-flow wp-block-quote-is-layout-flow\">\n<p><em>Ein ganzheitlich verstandenes BGM umfasst neben der Arbeitssicherheit auch die Betriebliche Gesundheitsf\u00f6rderung (BGF) und das gesetzlich verpflichtende Betriebliche Eingliederungsmanagement (BEM). Als gut aufgestelltes Unternehmen verkn\u00fcpfen Sie die einzelnen Komponenten zu einem umfassenden Managementsystem.<\/em><\/p>\n<\/blockquote>\n\n\n\n<p style=\"text-decoration:underline\"><strong>Leistungen<\/strong><\/p>\n\n\n\n<ul class=\"wp-block-list\">\n<li>Unternehmensorientierter Aufbau eines ganzheitlichen Betrieblichen Gesundheitsmanagements (BGM)<\/li>\n\n\n\n<li>Durchf\u00fchrung und Moderation von Gesundheitszirkeln und Lenkungskreisen Gesundheit<\/li>\n\n\n\n<li>Betreuung und Begleitung des BGM in allen Phasen der Implementierung<\/li>\n\n\n\n<li>Analysen, Mitarbeiterbefragungen, Auswertungen und Ma\u00dfnahmenableitung<\/li>\n\n\n\n<li>Strategische Beratung im BGM<\/li>\n\n\n\n<li>Softwaregest\u00fctzte Durchf\u00fchrung der verpflichtenden Gef\u00e4hrdungsbeurteilung psychischer Belastung (GB Psych)<\/li>\n\n\n\n<li>Aufbau und Durchf\u00fchrung des Betrieblichen Eingliederungsmanagements (BEM) nach \u00a7 167 Abs. 2 SGB IX<\/li>\n\n\n\n<li>Durchf\u00fchrung von Kursen und Ma\u00dfnahmen in der Betrieblichen Gesundheitsf\u00f6rderung (BGF)<\/li>\n<\/ul>\n\n\n\n<p style=\"text-decoration:underline\"><strong>Qualifikation<\/strong><\/p>\n\n\n\n<ul class=\"wp-block-list\">\n<li>Fachkraft Betriebliches Gesundheitsmanagement [BBGM]<\/li>\n\n\n\n<li>Projektleiter (IHK)<\/li>\n\n\n\n<li>Risikomanager (T\u00dcV)<\/li>\n<\/ul>\n\n\n\n<p style=\"text-decoration:underline\"><strong>Kontakt<\/strong><\/p>\n\n\n\n<div class=\"wp-block-buttons is-layout-flex wp-block-buttons-is-layout-flex\">\n<div class=\"wp-block-button is-style-outline is-style-outline--1\"><a class=\"wp-block-button__link has-white-color has-pale-cyan-blue-background-color has-text-color has-background has-link-color wp-element-button\" href=\"https:\/\/calendly.com\/malte-lindner-hercurion\/30min\/\" style=\"border-radius:10px\">Termin vereinbaren \u2197<\/a><\/div>\n<\/div>\n\n\n\n<p>oder E-Mail schreiben:<\/p>\n\n\n\n<figure class=\"wp-block-image size-full is-resized\"><a href=\"mailto:post@hercurion.de?subject=Interesse an Nachhaltigkeitsmanagement\"><img loading=\"lazy\" decoding=\"async\" width=\"157\" height=\"25\" src=\"https:\/\/www.hercurion.de\/wp-content\/uploads\/2024\/06\/grafik.png\" alt=\"\" class=\"wp-image-209\" style=\"width:151px;height:auto\" srcset=\"https:\/\/www.hercurion.de\/wp-content\/uploads\/2024\/06\/grafik.png 157w, https:\/\/www.hercurion.de\/wp-content\/uploads\/2024\/06\/grafik-150x25.png 150w\" sizes=\"auto, (max-width: 157px) 100vw, 157px\" \/><\/a><\/figure>\n\n\n\n<p class=\"has-small-font-size\">(Klick \u00f6ffnet Mailclient)<\/p>\n\n\n\n<p><\/p>\n\n\n\n<p>Mitglied im Bundesverband Betriebliches Gesundheitsmanagement<\/p>\n\n\n<div class=\"wp-block-image is-style-default\">\n<figure class=\"alignleft size-large is-resized\"><a href=\"https:\/\/bbgm.de\/\" target=\"_blank\" rel=\"noreferrer noopener\"><img loading=\"lazy\" decoding=\"async\" width=\"1024\" height=\"281\" src=\"https:\/\/www.hercurion.de\/wp-content\/uploads\/2024\/05\/Logo_BBGM-1024x281.jpg\" alt=\"\" class=\"wp-image-182\" style=\"width:260px;height:auto\" srcset=\"https:\/\/www.hercurion.de\/wp-content\/uploads\/2024\/05\/Logo_BBGM-1024x281.jpg 1024w, https:\/\/www.hercurion.de\/wp-content\/uploads\/2024\/05\/Logo_BBGM-300x82.jpg 300w, https:\/\/www.hercurion.de\/wp-content\/uploads\/2024\/05\/Logo_BBGM-768x211.jpg 768w, https:\/\/www.hercurion.de\/wp-content\/uploads\/2024\/05\/Logo_BBGM-1536x422.jpg 1536w, https:\/\/www.hercurion.de\/wp-content\/uploads\/2024\/05\/Logo_BBGM.jpg 1851w\" sizes=\"auto, (max-width: 1024px) 100vw, 1024px\" \/><\/a><figcaption class=\"wp-element-caption\">(Klick \u00f6ffnet externen Link in neuem Fenster)<\/figcaption><\/figure>\n<\/div>\n\n\n<p><\/p>\n","protected":false},"excerpt":{"rendered":"<p>Gesundheitsmanagement ist mehr als Fehlzeitenmanagement oder R\u00fcckenschule &#8211; BGM als Komponente der Unternehmensstrategie sichert Fachkr\u00e4fte und Wettbewerbsvorteile. Ich unterst\u00fctze Sie bei der Umsetzung! Betriebliches Gesundheitsmanagement (BGM) als Kernaufgabe der Unternehmensf\u00fchrung verstehen. Mitarbeitende sind die wertvollste Ressource des Unternehmens. Gesunde, motivierte und zufriedene Mitarbeitende sind der wichtigste Erfolgsfaktor im (internationalen) Wettbewerb. Ein ganzheitlich verstandenes BGM umfasst [&hellip;]<\/p>\n","protected":false},"author":1,"featured_media":0,"parent":0,"menu_order":0,"comment_status":"closed","ping_status":"closed","template":"","meta":{"footnotes":""},"class_list":["post-91","page","type-page","status-publish","hentry"],"yoast_head":"<!-- This site is optimized with the Yoast SEO plugin v27.5 - https:\/\/yoast.com\/product\/yoast-seo-wordpress\/ -->\n<title>HERCURION - Betriebliches Gesundheitsmanagement BGM<\/title>\n<meta name=\"description\" content=\"Betriebliches Gesundheitsmanagement (BGM) als Kernaufgabe der Unternehmensf\u00fchrung verstehen. Wir unterst\u00fctzen Sie und regeln das f\u00fcr Sie!\" \/>\n<meta name=\"robots\" content=\"index, follow, max-snippet:-1, max-image-preview:large, max-video-preview:-1\" \/>\n<link rel=\"canonical\" href=\"https:\/\/www.hercurion.de\/?page_id=91\" \/>\n<meta property=\"og:locale\" content=\"de_DE\" \/>\n<meta property=\"og:type\" content=\"article\" \/>\n<meta property=\"og:title\" content=\"HERCURION - Betriebliches Gesundheitsmanagement BGM\" \/>\n<meta property=\"og:description\" content=\"Betriebliches Gesundheitsmanagement (BGM) als Kernaufgabe der Unternehmensf\u00fchrung verstehen. Wir unterst\u00fctzen Sie und regeln das f\u00fcr Sie!\" \/>\n<meta property=\"og:url\" content=\"https:\/\/www.hercurion.de\/?page_id=91\" \/>\n<meta property=\"og:site_name\" content=\"HERCURION\" \/>\n<meta property=\"article:modified_time\" content=\"2025-04-02T10:54:00+00:00\" \/>\n<meta property=\"og:image\" content=\"https:\/\/www.hercurion.de\/wp-content\/uploads\/2024\/06\/grafik.png\" \/>\n\t<meta property=\"og:image:width\" content=\"157\" \/>\n\t<meta property=\"og:image:height\" content=\"25\" \/>\n\t<meta property=\"og:image:type\" content=\"image\/png\" \/>\n<meta name=\"twitter:card\" content=\"summary_large_image\" \/>\n<meta name=\"twitter:label1\" content=\"Gesch\u00e4tzte Lesezeit\" \/>\n\t<meta name=\"twitter:data1\" content=\"2\u00a0Minuten\" \/>\n<script type=\"application\/ld+json\" class=\"yoast-schema-graph\">{\"@context\":\"https:\\\/\\\/schema.org\",\"@graph\":[{\"@type\":\"WebPage\",\"@id\":\"https:\\\/\\\/www.hercurion.de\\\/?page_id=91\",\"url\":\"https:\\\/\\\/www.hercurion.de\\\/?page_id=91\",\"name\":\"HERCURION - Betriebliches Gesundheitsmanagement BGM\",\"isPartOf\":{\"@id\":\"https:\\\/\\\/www.hercurion.de\\\/#website\"},\"primaryImageOfPage\":{\"@id\":\"https:\\\/\\\/www.hercurion.de\\\/?page_id=91#primaryimage\"},\"image\":{\"@id\":\"https:\\\/\\\/www.hercurion.de\\\/?page_id=91#primaryimage\"},\"thumbnailUrl\":\"https:\\\/\\\/www.hercurion.de\\\/wp-content\\\/uploads\\\/2024\\\/06\\\/grafik.png\",\"datePublished\":\"2024-05-24T14:35:29+00:00\",\"dateModified\":\"2025-04-02T10:54:00+00:00\",\"description\":\"Betriebliches Gesundheitsmanagement (BGM) als Kernaufgabe der Unternehmensf\u00fchrung verstehen. Wir unterst\u00fctzen Sie und regeln das f\u00fcr Sie!\",\"breadcrumb\":{\"@id\":\"https:\\\/\\\/www.hercurion.de\\\/?page_id=91#breadcrumb\"},\"inLanguage\":\"de\",\"potentialAction\":[{\"@type\":\"ReadAction\",\"target\":[\"https:\\\/\\\/www.hercurion.de\\\/?page_id=91\"]}]},{\"@type\":\"ImageObject\",\"inLanguage\":\"de\",\"@id\":\"https:\\\/\\\/www.hercurion.de\\\/?page_id=91#primaryimage\",\"url\":\"https:\\\/\\\/www.hercurion.de\\\/wp-content\\\/uploads\\\/2024\\\/06\\\/grafik.png\",\"contentUrl\":\"https:\\\/\\\/www.hercurion.de\\\/wp-content\\\/uploads\\\/2024\\\/06\\\/grafik.png\",\"width\":157,\"height\":25},{\"@type\":\"BreadcrumbList\",\"@id\":\"https:\\\/\\\/www.hercurion.de\\\/?page_id=91#breadcrumb\",\"itemListElement\":[{\"@type\":\"ListItem\",\"position\":1,\"name\":\"Startseite\",\"item\":\"https:\\\/\\\/www.hercurion.de\\\/\"},{\"@type\":\"ListItem\",\"position\":2,\"name\":\"Betriebliches Gesundheitsmanagement\"}]},{\"@type\":\"WebSite\",\"@id\":\"https:\\\/\\\/www.hercurion.de\\\/#website\",\"url\":\"https:\\\/\\\/www.hercurion.de\\\/\",\"name\":\"HERCURION\",\"description\":\"Zukunftsmanagement\",\"publisher\":{\"@id\":\"https:\\\/\\\/www.hercurion.de\\\/#organization\"},\"potentialAction\":[{\"@type\":\"SearchAction\",\"target\":{\"@type\":\"EntryPoint\",\"urlTemplate\":\"https:\\\/\\\/www.hercurion.de\\\/?s={search_term_string}\"},\"query-input\":{\"@type\":\"PropertyValueSpecification\",\"valueRequired\":true,\"valueName\":\"search_term_string\"}}],\"inLanguage\":\"de\"},{\"@type\":\"Organization\",\"@id\":\"https:\\\/\\\/www.hercurion.de\\\/#organization\",\"name\":\"HERCURION\",\"url\":\"https:\\\/\\\/www.hercurion.de\\\/\",\"logo\":{\"@type\":\"ImageObject\",\"inLanguage\":\"de\",\"@id\":\"https:\\\/\\\/www.hercurion.de\\\/#\\\/schema\\\/logo\\\/image\\\/\",\"url\":\"https:\\\/\\\/www.hercurion.de\\\/wp-content\\\/uploads\\\/2024\\\/05\\\/logo_hercurion1.png\",\"contentUrl\":\"https:\\\/\\\/www.hercurion.de\\\/wp-content\\\/uploads\\\/2024\\\/05\\\/logo_hercurion1.png\",\"width\":552,\"height\":76,\"caption\":\"HERCURION\"},\"image\":{\"@id\":\"https:\\\/\\\/www.hercurion.de\\\/#\\\/schema\\\/logo\\\/image\\\/\"}}]}<\/script>\n<!-- \/ Yoast SEO plugin. -->","yoast_head_json":{"title":"HERCURION - Betriebliches Gesundheitsmanagement BGM","description":"Betriebliches Gesundheitsmanagement (BGM) als Kernaufgabe der Unternehmensf\u00fchrung verstehen. Wir unterst\u00fctzen Sie und regeln das f\u00fcr Sie!","robots":{"index":"index","follow":"follow","max-snippet":"max-snippet:-1","max-image-preview":"max-image-preview:large","max-video-preview":"max-video-preview:-1"},"canonical":"https:\/\/www.hercurion.de\/?page_id=91","og_locale":"de_DE","og_type":"article","og_title":"HERCURION - Betriebliches Gesundheitsmanagement BGM","og_description":"Betriebliches Gesundheitsmanagement (BGM) als Kernaufgabe der Unternehmensf\u00fchrung verstehen. Wir unterst\u00fctzen Sie und regeln das f\u00fcr Sie!","og_url":"https:\/\/www.hercurion.de\/?page_id=91","og_site_name":"HERCURION","article_modified_time":"2025-04-02T10:54:00+00:00","og_image":[{"width":157,"height":25,"url":"https:\/\/www.hercurion.de\/wp-content\/uploads\/2024\/06\/grafik.png","type":"image\/png"}],"twitter_card":"summary_large_image","twitter_misc":{"Gesch\u00e4tzte Lesezeit":"2\u00a0Minuten"},"schema":{"@context":"https:\/\/schema.org","@graph":[{"@type":"WebPage","@id":"https:\/\/www.hercurion.de\/?page_id=91","url":"https:\/\/www.hercurion.de\/?page_id=91","name":"HERCURION - Betriebliches Gesundheitsmanagement BGM","isPartOf":{"@id":"https:\/\/www.hercurion.de\/#website"},"primaryImageOfPage":{"@id":"https:\/\/www.hercurion.de\/?page_id=91#primaryimage"},"image":{"@id":"https:\/\/www.hercurion.de\/?page_id=91#primaryimage"},"thumbnailUrl":"https:\/\/www.hercurion.de\/wp-content\/uploads\/2024\/06\/grafik.png","datePublished":"2024-05-24T14:35:29+00:00","dateModified":"2025-04-02T10:54:00+00:00","description":"Betriebliches Gesundheitsmanagement (BGM) als Kernaufgabe der Unternehmensf\u00fchrung verstehen. Wir unterst\u00fctzen Sie und regeln das f\u00fcr Sie!","breadcrumb":{"@id":"https:\/\/www.hercurion.de\/?page_id=91#breadcrumb"},"inLanguage":"de","potentialAction":[{"@type":"ReadAction","target":["https:\/\/www.hercurion.de\/?page_id=91"]}]},{"@type":"ImageObject","inLanguage":"de","@id":"https:\/\/www.hercurion.de\/?page_id=91#primaryimage","url":"https:\/\/www.hercurion.de\/wp-content\/uploads\/2024\/06\/grafik.png","contentUrl":"https:\/\/www.hercurion.de\/wp-content\/uploads\/2024\/06\/grafik.png","width":157,"height":25},{"@type":"BreadcrumbList","@id":"https:\/\/www.hercurion.de\/?page_id=91#breadcrumb","itemListElement":[{"@type":"ListItem","position":1,"name":"Startseite","item":"https:\/\/www.hercurion.de\/"},{"@type":"ListItem","position":2,"name":"Betriebliches Gesundheitsmanagement"}]},{"@type":"WebSite","@id":"https:\/\/www.hercurion.de\/#website","url":"https:\/\/www.hercurion.de\/","name":"HERCURION","description":"Zukunftsmanagement","publisher":{"@id":"https:\/\/www.hercurion.de\/#organization"},"potentialAction":[{"@type":"SearchAction","target":{"@type":"EntryPoint","urlTemplate":"https:\/\/www.hercurion.de\/?s={search_term_string}"},"query-input":{"@type":"PropertyValueSpecification","valueRequired":true,"valueName":"search_term_string"}}],"inLanguage":"de"},{"@type":"Organization","@id":"https:\/\/www.hercurion.de\/#organization","name":"HERCURION","url":"https:\/\/www.hercurion.de\/","logo":{"@type":"ImageObject","inLanguage":"de","@id":"https:\/\/www.hercurion.de\/#\/schema\/logo\/image\/","url":"https:\/\/www.hercurion.de\/wp-content\/uploads\/2024\/05\/logo_hercurion1.png","contentUrl":"https:\/\/www.hercurion.de\/wp-content\/uploads\/2024\/05\/logo_hercurion1.png","width":552,"height":76,"caption":"HERCURION"},"image":{"@id":"https:\/\/www.hercurion.de\/#\/schema\/logo\/image\/"}}]}},"_links":{"self":[{"href":"https:\/\/www.hercurion.de\/index.php?rest_route=\/wp\/v2\/pages\/91","targetHints":{"allow":["GET"]}}],"collection":[{"href":"https:\/\/www.hercurion.de\/index.php?rest_route=\/wp\/v2\/pages"}],"about":[{"href":"https:\/\/www.hercurion.de\/index.php?rest_route=\/wp\/v2\/types\/page"}],"author":[{"embeddable":true,"href":"https:\/\/www.hercurion.de\/index.php?rest_route=\/wp\/v2\/users\/1"}],"replies":[{"embeddable":true,"href":"https:\/\/www.hercurion.de\/index.php?rest_route=%2Fwp%2Fv2%2Fcomments&post=91"}],"version-history":[{"count":20,"href":"https:\/\/www.hercurion.de\/index.php?rest_route=\/wp\/v2\/pages\/91\/revisions"}],"predecessor-version":[{"id":395,"href":"https:\/\/www.hercurion.de\/index.php?rest_route=\/wp\/v2\/pages\/91\/revisions\/395"}],"wp:attachment":[{"href":"https:\/\/www.hercurion.de\/index.php?rest_route=%2Fwp%2Fv2%2Fmedia&parent=91"}],"curies":[{"name":"wp","href":"https:\/\/api.w.org\/{rel}","templated":true}]}}